. Let j(s) = -s**3 - 9*s**2 - 2*s - 10. Determine j(d).
8
Let q(r) = -265328*r - 150 + 265329*r + 149. Let i(h) = h - 1. Let p be i(-4). Calculate q(p).
-6
Let l(j) = -10*j**2 + 2*j - 1. Let m be l(1). Let d(s) be the second derivative of -s**4/12 - 7*s**3/6 + s**2 + 705*s - 4. Calculate d(m).
-16
Let j(o) = -2*o + 15. Let h be -9*((5 - 2) + (-33)/9). Give j(h).
3
Let x(f) = 24*f + 20 - 19 + 3*f**2 + 3 - 15. Calculate x(-8).
-11
Let p(n) = -n**3 - 18*n**2 + 21*n + 45. Let j be p(-19). Suppose 5*y - j*y + 5*m = -22, 5*y - 5*m = 40. Let o(c) = 2*c**2 - 12*c - 2. Give o(y).
-2
Suppose 39*v + 2 = 40*v. Suppose 5*f + 16 = v*j, 0 = -0*j + 2*j - f - 8. Let r(u) = -j + 9*u + 3*u - 14*u. Calculate r(-2).
1
Let z(u) = u**2 + 23*u + 120. Let w = -2921 - -2907. What is z(w)?
-6
Let x(b) = -27*b**2 - 34*b + 32. Let d(t) = 13*t**2 + 19*t - 17. Let z(k) = -7*d(k) - 4*x(k). Determine z(2).
65
Suppose 6*p - 24 = 4*p + j, 0 = -13*p + 5*j + 165. Let x(s) = -s**2 + 13*s + 26. Determine x(p).
-4
Let q(o) = -10*o**3 - o**2 + 1. Let n be q(-1). Suppose 0 = 4*y - n*y + 36. Suppose -14*w + 15*w = y. Let r(v) = v + 7. Determine r(w).
13
Let z be ((-7035)/(-462) - 16 - 3/(-11))*-1. Let i(o) be the second derivative of 1/20*o**5 + z*o**4 + 2*o - 3/2*o**3 - 4*o**2 + 2. What is i(-7)?
6
Let x(p) = -248*p + 2988. Let v be x(12). Let a(s) = s**2 - 16*s + 40. Calculate a(v).
-8
Let d(w) = 40*w - 250. Let r(v) = 12*v**2 + 82*v + 116. Let f be r(-5). Calculate d(f).
-10
Suppose -2*h - 82 = 3*a, -h + 37 - 63 = a. Let r(l) = -l**2 - 27*l + 101. Calculate r(a).
11
Let c(n) = n**3 - 3*n**2 + 3. Let o be c(3). Let f(r) be the first derivative of r**4/4 - r**3 - 2*r**2 + r + 6892. Calculate f(o).
-11
Let n(r) = 3 + 10*r**2 - 52 - 22*r**2 + r + 14*r**2 + 23. Determine n(0).
-26
Let f(m) = m**2 + 9*m + 10. Let z = -84 + 113. Suppose 0 = -l - z - 55. Let i = l - -77. What is f(i)?
-4
Let c(s) be the second derivative of s**4/12 - 3*s**3/2 + 2*s**2 + 20*s - 2. Let j(p) = 3*p**2 - 27*p + 11. Let y(r) = -8*c(r) + 3*j(r). What is y(9)?
1
Let r(k) = 454*k**2 + 32*k - 53. Let m(t) = 165*t**2 + 11*t - 18. Let h(i) = 11*m(i) - 4*r(i). Calculate h(-5).
24
Suppose -3*a + 5*b + 19 = 0, 4*a - 3*b = 4 + 14. Suppose -2*y - 1 - a = 0, -13 = v - 5*y. Let w = -25 - v. Let q(x) = 11*x + 1. Determine q(w).
-21
Let w(c) = 2*c**2 + 3*c + 3. Let d(v) = -v + 8. Let j = 46 + 10. Suppose h - 66 = -j. Let u be d(h). Calculate w(u).
5
Let x(t) = 4*t - 85. Let w be x(22). Suppose 12 = -3*l, w*b - l - 22 + 0 = 0. Let v(j) = -j**3 + 6*j**2 - j + 6. Give v(b).
0
Let k(b) = 315*b**3 - b**2 - b. Let z be k(1). Suppose -318*a + z*a = -25. Let u(o) = -o**2 + 5*o + 2. What is u(a)?
2
Let b(w) = -3*w**3 + 5. Let p = -23503 - -23501. Give b(p).
29
Suppose 0 = -126*k - 259 + 921 + 1480. Let h(o) be the second derivative of 0 - 1/6*o**3 - k*o - 2*o**2. Give h(9).
-13
Let y(d) = 17*d**3 + 163*d**2 + 23*d - 15. Let b(x) = -4*x**3 - 37*x**2 - 6*x + 4. Let q(c) = -13*b(c) - 3*y(c). Give q(8).
65
Let f(l) = 5*l + 42. Let z be f(-8). Suppose -2 = -5*i + z*u, -3*i + 6*u - 2*u = 10. Let t(c) = 4 + 5*c**2 - 3 + 14*c - 12*c + 0. Calculate t(i).
25
Let g(y) be the second derivative of -y**4/12 - y**3 - 4*y**2 + 324*y. Let s = -370 - -366. Determine g(s).
0
Let h(m) be the second derivative of -m**5/120 - 5*m**4/24 - 187*m**3/6 + 3*m - 5. Let q(z) be the second derivative of h(z). What is q(-9)?
4
Let f(a) = 6*a**3 + 529*a**2 + 611*a + 171. Let s be f(-87). Let t(i) = -5 - 2*i + 3*i - 3*i. Calculate t(s).
1
Let x(o) = 12*o - 4. Let s = -586 - -719. Let u = 134 - s. Give x(u).
8
Suppose 2*x + 4 = 3*t - 30, 5*x - 20 = 0. Suppose 5*w - t*w = 0. Let o(a) = 4*a + 1 + w + 2 - 5*a. What is o(3)?
0
Let g(r) = 95*r**3 - 237*r**3 + 143*r**3 - 6*r + 6 + r**2. Give g(1).
2
Let c(n) = -4 - 130*n + 258*n - 125*n. Suppose -3*b + 10 + 17 = 0. Let h be (-18)/27*b/(-2). Give c(h).
5
Let d(h) = 16 + 1823*h**2 + 4*h - 13*h - 1822*h**2. What is d(4)?
-4
Let a(w) = -51*w. Let q(j) = -84*j - 2. Let z(u) = -5*a(u) + 3*q(u). Let m be ((36/3)/3)/1. What is z(m)?
6
Let l(z) = -7*z**2 + z - 2. Let v = 60 - 62. Determine l(v).
-32
Let u(s) be the first derivative of -9*s**2 + 98*s + 901. Determine u(6).
-10
Let r(q) = q**3 - q + 1. Let u = -1 - -6. Suppose -25 = -t - u*f, -3*f + 4*f = -2. Let o = 33 - t. What is r(o)?
-5
Let z = 961 - 964. Let m(u) = -12*u + 46. Let q(w) = -5*w + 22. Let h(l) = z*m(l) + 7*q(l). What is h(-6)?
10
Let m(r) = r**3 - r**2 - r - 4. Let p(d) = -4*d - 22. Let y be p(-7). Suppose 5*u - 5 = w, 4 - y = 3*w - 2*u. Determine m(w).
-4
Let r(w) be the first derivative of -w**4/4 + 5*w**3/3 + w**2/2 - 7*w + 30. Let f = 92 + -91. Suppose 4*v - f = -x, -2*x - 4*v + 2 = -4. What is r(x)?
-2
Let t(s) = s**3 - 113*s**2 + 323*s + 770. Let d be t(110). Let b(n) be the second derivative of n**4/12 + n**3/6 + 9*n**2 + 3*n. Give b(d).
18
Suppose -2*l + 2 = 2*m, -4*l + 21 - 17 = -5*m. Let g(b) = 17*b - 10. Let y be g(m). Let w(v) = -v**2 - 12*v - 12. Determine w(y).
8
Let d(w) = 7*w**2 - 461*w - 56. Let u be d(66). Let f(m) = -5*m + 47. What is f(u)?
-3
Suppose o + 21 = 4*o. Let z(l) be the third derivative of l**6/120 - l**5/10 - 3*l**4/8 + l**3/3 + l**2 - 60653. What is z(o)?
-12
Let k(i) be the third derivative of i**7/840 - i**6/120 - i**5/20 + i**4/8 + 55*i**3/6 - 26*i**2. Let h(g) be the first derivative of k(g). What is h(4)?
-5
Let t = -11092 + 22187/2. Let d(b) be the first derivative of -7 + t*b**2 + 10*b. Determine d(-8).
-14
Suppose 61*t = -446 + 141. Let d(o) = -2*o**2 - 10*o + 6. Give d(t).
6
Let b(j) = -j + 22. Suppose 864*u = 870*u + 912. Let y = 173 + u. Give b(y).
1
Suppose 2*t + 4 = 10, 4*n - 9 = -3*t. Let q(r) = 173 - 167 + r + n*r. Give q(-9).
-3
Let k = -4 + 9. Let o(g) = -g**2 + 19*g + 225. Let u be o(-8). Suppose -3*z + 0*z - 21 = -k*q, -3*z + q = u. Let a(b) = -b**3 - 3*b**2 - b + 2. What is a(z)?
0
Suppose -5*m + 10 = 3*z + 4, -m = 5*z + 12. Let q be (0 - 0)/(-4 + m). Let y(c) = -2*c + 14 - 16 + q*c. Give y(-3).
4
Suppose 70 - 238 = 42*h. Let n(w) = 2*w**3 + 8*w**2 - w - 5. Calculate n(h).
-1
Let v(s) = 2*s + 3. Suppose -2*n = -3*d - 660, 5*n + 5*d = 1366 + 284. Let r = n - 326. What is v(r)?
11
Let l(k) = -13*k**3 - 5*k**2 + 12*k - 9. Let b(d) = -11*d**3 - 5*d**2 + 10*d - 9. Let p(s) = 6*b(s) - 5*l(s). What is p(-5)?
-9
Let a(y) = -11*y**2 + 32*y - 9. Let o(n) = -23*n**2 + 64*n - 17. Let b(t) = -13*a(t) + 6*o(t). Let r be b(6). Let x(p) = 4*p - 6. What is x(r)?
6
Let h(i) be the first derivative of 0*i + 1/3*i**3 - 2*i**2 - 11. Give h(5).
5
Suppose 3*l = -12, o + 15 = 3*l - 7. Let j = o - -33. Let h be -1 - (6 + (j - 1)). Let x(i) = i + 3. Calculate x(h).
-2
Let t(x) = -4 + 81*x - 44*x + 13*x**2 - 42*x - 15*x**2. Let l be t(-1). Let j(f) = 10*f + 8. What is j(l)?
-2
Let x = -29391 - -29397. Let j(g) = g**3 - 2*g**2 - 6*g + 8. Determine j(x).
116
Let s(z) = -2*z**3 - 21*z**2 - 67*z - 56. Let o be s(-2). Let r(m) = 3*m**2 - 32*m + 21. Determine r(o).
1
Let i(n) = -10*n**2 + 8*n**2 - 3*n**3 - 123 + 347 - 109 - n - 116. Let l(a) = -a**3 + 5*a**2 - 2. Let j be l(5). Give i(j).
17
Let h(v) be the third derivative of v**6/720 - 7*v**5/120 - v**4/24 - v**3/6 + 66*v**2. Let c(z) be the second derivative of h(z). Give c(6).
-1
Let u(b) = 16*b - 2*b - 21 - 10*b - 9*b - 51. Give u(-13).
-7
Let d(j) be the third derivative of j**4/3 - 485*j**3/6 - 2766*j**2 + 2*j + 2. Give d(60).
-5
Let i = 7 - -16. Let o(p) = 4*p - 11 - 10 + i. Let w(z) = z**3 - 7*z**2 - 19*z + 11. Let h be w(9). What is o(h)?
10
Suppose 5*y = 5*a - 50, -33*a = 4*y - 28*a + 4. Let f(u) be the second derivative of -u**3/6 - u**2/2 + 2*u. What is f(y)?
5
Suppose 16*x - 24 = 8. Let v(a) = a**3 + 5*a**2 - a - 3. Let w be v(-5). Let h(m) = 2*m**2 + 2*m**2 - 3*m + 2 - 2*m**w. What is h(x)?
4
Let v(z) = -10 - 22370*z**3 + 11179*z**3 - 6*z + 9*z**2 + 11190*z**3. What is v(7)?
46
Let v(z) be the third derivative of z**6/120 - z**5/5 + 7*z**4/6 + 5*z**3/6 - 2274*z**2. Determine v(9).
14
Let w(q) = -q**3 + 2*q**2 + 4*q + 6. Suppose -5*z + 3*z = -0*z + 8. Give w(z).
86
Let p(g) be the second derivative of g**4/12 + 5*g**3/6 - 7*g**2/2 - 11*g. Let u be p(-8). Let j(n) = u - 3 + 2*n - 3*n. Determine j(7).
7
Let u(o) = o**3 - 18*o**2 - 76*o + 280. Let v be u(21). Let y(q) = q**3 - 7*q**